ase 5) to base 13
a6642
What is -243ab4 (base 12) in base 13?
-177472
2363111 (base 7) to base 2
1001001100010011011
What is 106045301 (base 7) in base 8?
30564362
Convert -3123 (base 11) to base 16.
-102b
35515 (base 8) to base 4
3231031
Convert -31f7a (base 16) to base 13.
-72207
-17750025 (base 9) to base 8
-42106753
Convert -234bc2 (base 15) to base 16.
-19bcfe
Convert -22010000100 (base 3) to base 14.
-42284
What is 1221020320 (base 5) in base 3?
12110201110100
4754150 (base 8) to base 3
2110002001210
What is 2315343 (base 6) in base 10?
119151
What is -12425000 (base 7) in base 2?
-100010100100000101010
Convert -1333231300 (base 4) to base 3.
-222120120211
Convert -2130dd (base 14) to base 10.
-1122491
-621330 (base 7) to base 5
-11344110
Convert 3656a8 (base 15) to base 4.
21322311002
9425a (base 13) to base 15
53d50
-2b088 (base 13) to base 14
-21945
110310131030 (base 4) to base 7
64250531
What is 23752 (base 9) in base 3?
210211202
What is 5079b (base 12) in base 11?
7181a
What is -3beae7 (base 16) in base 12?
-139451b
Convert 140304400 (base 5) to base 9.
1306163
3728603 (base 10) to base 5
1423303403
20533345 (base 6) to base 5
123302200
What is -110101001101001011000 (base 2) in base 3?
-10021120120011
What is 5a802 (base 11) in base 13?
30a88
101013133213 (base 4) to base 7
53066023
-1297a2 (base 16) to base 14
-23a094
Convert 356973 (base 16) to base 15.
492253
-12102101001 (base 3) to base 4
-122003101
What is 6056104 (base 8) in base 9?
3002861
Convert -463b7 (base 13) to base 11.
-8825a
What is -10991227 (base 10) in base 16?
-a7b67b
Convert 12663151 (base 7) to base 8.
4367243
Convert 1231333 (base 4) to base 12.
40a7
Convert -246301 (base 8) to base 14.
-23089
-34241014 (base 5) to base 15
-608de
-10123224 (base 7) to base 11
-528921
What is -bcba (base 14) in base 12?
-16b10
What is -8432015 (base 11) in base 6?
-1250323313
Convert 1506404 (base 8) to base 6.
13111324
-2111916 (base 12) to base 3
-102202020221200
-a04e (base 16) to base 9
-62257
Convert -1042021 (base 8) to base 12.
-115955
What is e687 (base 16) in base 11?
40380
-1011222120012 (base 3) to base 5
-130121122
Convert -2212200223 (base 4) to base 13.
-1ab588
-1111100110001110010 (base 2) to base 3
-221222002021
Convert 255030531 (base 6) to base 10.
4996279
101011100000110010 (base 2) to base 10
178226
Convert -22034035 (base 6) to base 2.
-10100000101000100111
-10112210121120 (base 3) to base 6
-104225453
What is 33a73 (base 11) in base 7?
263313
5828238 (base 10) to base 6
324530330
What is -44437 (base 8) in base 10?
-18719
27993 (base 14) to base 5
11113213
-1834220 (base 10) to base 15
-263715
Convert 45061032 (base 8) to base 6.
544232322
34656 (base 8) to base 12
8666
Convert 55939 (base 12) to base 7.
652242
-30203231 (base 4) to base 10
-51437
Convert -315315 (base 7) to base 5.
-3222241
What is -24441 (base 5) in base 13?
-b0c
12304212 (base 5) to base 6
2320203
What is 30122264 (base 7) in base 3?
11200122211212
What is -6842600 (base 9) in base 15?
-4cd186
-404114444 (base 5) to base 14
-305b1c
What is 226043 (base 8) in base 7?
440003
Convert 22100222101202 (base 3) to base 9.
8328352
Convert 1c37a (base 14) to base 16.
11968
101010101100 (base 3) to base 6
4134400
-1021333201 (base 4) to base 14
-7c641
1534121 (base 7) to base 5
23212243
-2035135 (base 10) to base 11
-1170033
Convert -3078743 (base 9) to base 11.
-a251aa
Convert -110010000001100000 (base 2) to base 3.
-101102001202
Convert 134b85 (base 13) to base 7.
3655436
Convert 111022221010 (base 3) to base 12.
107a19
What is -268515 (base 11) in base 13?
-119954
Convert -978936 (base 11) to base 5.
-400014342
Convert 200001001021 (base 3) to base 7.
3006103
What is -1101002203 (base 5) in base 11?
-1371952
What is 9d160 (base 16) in base 15?
ca99e
What is 1a88ab (base 12) in base 4?
1303010003
Convert 2125155 (base 6) to base 13.
3893c
-112301331202 (base 4) to base 2
-10110110001111101100010
-11008023 (base 9) to base 5
-2330222023
What is 11b88b3 (base 14) in base 13?
19c1154
-10616216 (base 9) to base 4
-103220323113
-11775734 (base 9) to base 7
-100053154
Convert -1012437 (base 11) to base 6.
-102204112
What is -53b868 (base 12) in base 13?
-375a9a
What is -3985391 (base 12) in base 5?
-10402410014
16962 (base 15) to base 11
4a927
-262561 (base 7) to base 4
-23331202
Convert 125856 (base 15) to base 13.
24a359
-122011010020 (base 3) to base 7
-2604204
What is -8878f9 (base 16) in base 14?
-128b5d7
d88f1 (base 16) to base 8
3304361
What is 104814 (base 10) in base 15?
210c9
What is -205aa86 (base 11) in base 13?
-9a18b2
27a437 (base 11) to base 13
12472b
10011101110100000000110 (base 2) to base 8
23564006
What is -21340422 (base 6) in base 12?
-267712
What is 1111200101011 (base 3) in base 6?
25055004
Convert -10001110122002 (base 3) to base 5.
-403420330
Convert 10010010001111001110 (base 2) to base 8.
2221716
-22101124 (base 5) to base 7
-1423144
What is -175713 (base 14) in base 15?
-11379a
-811484 (base 9) to base 4
-1311031102
Convert -100000000001000 (base 2) to base 16.
-4008
Convert -5886737 (base 9) to base 10.
-3187060
2b7a473 (base 12) to base 11
500a910
What is -260122 (base 9) in base 8?
-463575
What is -1101000010010 (base 2) in base 5?
-203144
-2222001111 (base 3) to base 4
-32033320
133310213 (base 5) to base 10
681933
Convert 1a1a91 (base 11) to base 16.
4bb56
18462b (base 13) to base 9
1128215
220113201 (base 4) to base 13
5a34b
What is 424736 (base 8) in base 2?
100010100111011110
What is 33a99 (base 11) in base 5?
3033414
What is -5b2c6 (base 15) in base 16?
-47046
What is -10110001011000111 (base 2) in base 15?
-1bd9d
Convert 1004524 (base 12) to base 13.
80a7b4
-1445342 (base 6) to base 5
-10143113
3443342 (base 8) to base 3
1202112110201
Convert -50a1 (base 11) to base 15.
-2011
What is -2012113121 (base 4) in base 14?
-1047d7
1586591 (base 11) to base 10
2702635
What is 141664 (base 7) in base 9?
41144
Convert 22302231133 (base 4) to base 8.
12625537
What is 521247 (base 9) in base 4?
1023200311
Convert 2334530 (base 6) to base 13.
43461
What is -100133033 (base 4) in base 10?
-67535
Convert -cd7a63 (base 14) to base 6.
-405253331
Convert 343542522 (base 6) to base 10.
6343250
What is 232443303 (base 6) in base 13?
b87799
What is 8619554 (base 11) in base 9?
31474847
What is -335568 (base 11) in base 7?
-4354022
96139a (base 12) to base 4
21001223212
20031432 (base 5) to base 13
57111
Convert 11a61ee (base 15) to base 5.
11221130244
What is 34430462 (base 7) in base 2?
1011100000010011011000
-140035034 (base 6) to base 16
-2aca7e
What is -203043331 (base 5) in base 10?
-831091
What is -2661ed (base 15) in base 7?
-21444520
-2255717 (base 8) to base 5
-124111302
Convert 56663 (base 8) to base 15.
7192
-3135522 (base 7) to base 8
-1344065
Convert 9038 (base 10) to base 9.
13352
-11432331 (base 5) to base 4
-122132302
What is 10001110001000101 (base 2) in base 13?
2717c
Convert 57b91b (base 13) to base 10.
2082104
Convert 522221 (base 11) to base 15.
11820e
-2022102110 (base 3) to base 8
-130703
418b1c (base 13) to base 11
957a02
Convert 5065727 (base 8) to base 5.
320311302
What is -5533466 (base 7) in base 15?
-d6a8b
What is -4a4162 (base 11) in base 8?
-3022737
Convert 198952 (base 10) to base 3.
101002220121
What is 111101100001001111 (base 2) in base 5?
31030413
Convert -1e832 (base 16) to base 14.
-33790
Convert 2888c (base 13) to base 10.
76166
What is -235c973 (base 13) in base 6?
-1030240105
-32062402 (base 8) to base 16
-686502
Convert 1532541 (base 6) to base 14.
24b6d
-433a52 (base 16) to base 5
-2111441332
aa818 (base 14) to base 15
82660
What is 34a104 (base 13) in base 9?
2315034
-19736a (base 13) to base 15
-cad96
-51629 (base 16) to base 6
-11051145
-2607257 (base 8) to base 2
-10110000111010101111
Convert 23433342 (base 6) to base 7.
6152435
What is -3132220341 (base 5) in base 2?
-11000111000100101010101
10110000001101 (base 2) to base 12
6639
52d45 (base 15) to base 3
111100120202
Convert -2210131 (base 5) to base 8.
-112426
Convert 47b62 (base 12) to base 10.
96698
What is -2520214 (base 6) in base 13?
-49504
-852097 (base 11) to base 10
-1364381
What is 643793 (base 10) in base 4?
2131023101
-11a39 (base 14) to base 13
-1685b
-28124c (bas